4174756727 composite?
False
Is 6330657089 a composite number?
False
Is 7983225251 prime?
False
Is 9548854283 composite?
True
Is 1292318623 a composite number?
False
Is 11678691547 composite?
False
Is 6052627331 a prime number?
True
Is 133651032287 composite?
False
Is 118908943 prime?
True
Is 4266164827 composite?
False
Is 123563961817 composite?
False
Is 68398768297 prime?
False
Is 58645949177 a prime number?
False
Is 1545543331 a prime number?
True
Is 68313250247 a prime number?
False
Is 4501722517 composite?
False
Is 8577953429 a prime number?
True
Is 4793364713 prime?
False
Is 13685261 a prime number?
False
Is 52891757 composite?
False
Is 25335472427 a prime number?
False
Is 751866877 prime?
False
Is 74676089695 composite?
True
Is 31254985301 prime?
False
Is 6789948769 composite?
False
Is 1151472113 prime?
False
Is 4013342101 a prime number?
True
Is 1364326241 a prime number?
True
Is 878674933 a prime number?
True
Is 735899249 composite?
False
Is 5897009449 prime?
True
Is 2096613338 a composite number?
True
Is 971410031 a prime number?
True
Is 114691093 a composite number?
True
Is 3723684047 composite?
False
Is 5287706727 prime?
False
Is 32129100743 a prime number?
False
Is 832529801 prime?
True
Is 1952525473 composite?
False
Is 3282691631 prime?
False
Is 10460486697 prime?
False
Is 2857218041 a composite number?
False
Is 28350091379 a composite number?
True
Is 113434721 composite?
True
Is 1966396643 prime?
False
Is 16370616349 a composite number?
False
Is 1874933461 composite?
False
Is 237910567 composite?
False
Is 558331973 a prime number?
False
Is 333386283 a prime number?
False
Is 26105704127 a composite number?
True
Is 999102659 composite?
False
Is 145342387 a prime number?
True
Is 9460887259 a composite number?
False
Is 3292977839 prime?
False
Is 97007829169 prime?
False
Is 37046859503 prime?
True
Is 2136028327 a prime number?
False
Is 3651225793 prime?
False
Is 2660129062 a composite number?
True
Is 41730881461 prime?
False
Is 323835691 composite?
False
Is 42137289451 a prime number?
True
Is 191725291 a composite number?
False
Is 6589913789 a prime number?
True
Is 12718498127 prime?
True
Is 166068697 prime?
False
Is 5710389901 prime?
False
Is 23900920249 prime?
False
Is 149074609 composite?
False
Is 79439587 a prime number?
False
Is 225696041561 a prime number?
True
Is 3461934491 a prime number?
False
Is 8968153063 prime?
True
Is 1786148783 prime?
True
Is 721524137 a prime number?
True
Is 2434762891 a composite number?
True
Is 1850612923 a prime number?
False
Is 165697425763 a prime number?
True
Is 31341054523 a composite number?
True
Is 526743731 a prime number?
False
Is 40541971 composite?
True
Is 123606317 a composite number?
False
Is 106495673 prime?
False
Is 416031647 composite?
False
Is 2205583069 a composite number?
True
Is 49403392163 a composite number?
True
Is 55859351 a prime number?
False
Is 9024308261 a prime number?
True
Is 4834745129 a prime number?
True
Is 1311216359 prime?
True
Is 4599009617 prime?
True
Is 907944253 prime?
False
Is 5421766541 prime?
True
Is 8022217078 a composite number?
True
Is 1376551823 prime?
True
Is 664964789 composite?
True
Is 55702481 a prime number?
False
Is 2596898119 a prime number?
False
Is 3377286845 a composite number?
True
Is 622204391 composite?
False
Is 3684484673 a prime number?
True
Is 560905879 composite?
True
Is 8221219327 a composite number?
True
Is 426082037 prime?
False
Is 221717974319 composite?
False
Is 1321191797 a prime number?
True
Is 863931331 composite?
True
Is 1955825579 a composite number?
False
Is 96036484529 composite?
True
Is 2879959729 prime?
False
Is 46991041871 a prime number?
False
Is 7824904937 composite?
True
Is 14562305283 prime?
False
Is 17534323361 a prime number?
True
Is 470121661 a prime number?
True
Is 473137681 a composite number?
True
Is 9163934027 a prime number?
True
Is 4838399242 a composite number?
True
Is 325251493 a composite number?
True
Is 634542263 prime?
False
Is 4173933641 a prime number?
True
Is 176313091 composite?
True
Is 15487593581 a composite number?
False
Is 105936307 composite?
True
Is 507181139 composite?
False
Is 4595190601 composite?
False
Is 1095224393 composite?
True
Is 45158433349 a composite number?
True
Is 129251375357 a prime number?
False
Is 268392469 a prime number?
False
Is 1400900393 a composite number?
True
Is 3795236547 composite?
True
Is 7763711117 prime?
True
Is 2342964199 composite?
True
Is 12633263 composite?
True
Is 37337381509 a prime number?
True
Is 3561406237 a composite number?
True
Is 64916786743 composite?
False
Is 4661905637 a composite number?
True
Is 1141095659 prime?
False
Is 45860417987 a composite number?
False
Is 64028773 composite?
True
Is 180220063313 prime?
True
Is 188987629661 a prime number?
True
Is 1552613683 a composite number?
False
Is 31671473807 a prime number?
False
Is 9418717501 a composite number?
False
Is 1116290642 composite?
True
Is 2421685153 composite?
True
Is 21671908667 composite?
False
Is 176626279 a composite number?
False
Is 153264193 composite?
True
Is 1386176327 composite?
True
Is 2060744613 a prime number?
False
Is 137993996003 prime?
False
Is 50091941491 prime?
True
Is 820519283 a composite number?
False
Is 6396488429 a prime number?
True
Is 32555191 a composite number?
True
Is 149672445269 a prime number?
True
Is 17796551257 a prime number?
True
Is 10965195291 prime?
False
Is 10358430587 composite?
False
Is 2825653409 a prime number?
True
Is 4404940763 prime?
True
Is 129680381 composite?
True
Is 488672729 prime?
False
Is 20246452451 prime?
False
Is 3686748323 composite?
False
Is 125646247 composite?
False
Is 8468464573 a composite number?
True
Is 3244629109 a prime number?
True
Is 36208279649 a prime number?
True
Is 106100515951 a composite number?
True
Is 19394297381 composite?
True
Is 110642057 composite?
True
Is 55323463051 a composite number?
False
Is 97782119 a composite number?
False
Is 33318359 a prime number?
True
Is 862849402 prime?
False
Is 126603721817 a prime number?
True
Is 4078449961 composite?
False
Is 7754434027 a prime number?
True
Is 12357420901 a composite number?
True
Is 373990999 a composite number?
True
Is 8509021537 composite?
False
Is 137482591 a prime number?
False
Is 4739246921 composite?
True
Is 20203122179 a composite number?
True
Is 11646643537 prime?
False
Is 28051803067 composite?
True
Is 219137349673 a prime number?
False
Is 10495969403 a composite number?
True
Is 1021969973 a composite number?
False
Is 47419727 a prime number?
False
Is 1179257983 a composite number?
False
Is 3784829803 a prime number?
True
Is 61654709 prime?
False
Is 52568798327 prime?
True
Is 665485001 prime?
False
Is 100728289 a prime number?
False
Is 21545483629 prime?
True
Is 54052856401 composite?
True
Is 2356426543 prime?
True
Is 704398879 composite?
True
Is 4345407013 a composite number?
False
Is 3353455121 a composite number?
True
Is 4101033643 a prime number?
False
Is 1215712963 a composite number?
True
Is 286826017 prime?
True
Is 12340987411 composite?
True
Is 635291423 composite?
True
Is 3730051909 a composite number?
True
Is 61160552701 composite?
True
Is 4821442069 prime?
True
Is 246831457 prime?
True
Is 3353285941 a prime number?
False
Is 769501981 prime?
False
Is 6361302463 prime?
True
Is 2787536117 a composite number?
False
Is 4707088703 prime?
False
Is 1841157737 a prime number?
True
Is 24421870559 a composite number?
False
Is 417144407 composite?
False
Is 4761908759 prime?
True
Is 2983944055 prime?
False
Is 28358122759 a composite number?
False
Is 3920167919 a prime number?
True
Is 1050925153 a composite number?
False
Is 1532310565 a composite number?
True
Is 83267213 a prime number?
True
Is 3331402757 prime?
True
Is 699907793 a composite number?
True
Is 2592365189 composite?
True
Is 948814367 prime?
True
Is 530005373 prime?
True
Is 126073567943 composite?
False
Is 14396514053 composite?
False
Is 11489555867 a composite number?
False
Is 436921747 a prime number?
True
Is 249558107 a composite number?
False
Is 53034799567 a prime number?
False
Is 3317948747 a composite number?
True
Is 7428016049 composite?
False
Is 193422847 a composite number?
True
Is 2599790891 composite?
False
Is 1797265637 composite?
False
Is 66465901 a composite number?
True
Is 8773